{"id":50,"date":"2016-02-23T21:45:37","date_gmt":"2016-02-23T21:45:37","guid":{"rendered":"http:\/\/demo.vegatheme.com\/eleos\/?page_id=50"},"modified":"2026-04-09T10:05:12","modified_gmt":"2026-04-09T07:05:12","slug":"homepage","status":"publish","type":"page","link":"https:\/\/erdenyikama.com\/","title":{"rendered":"Homepage"},"content":{"rendered":"<div class=\"wpb-content-wrapper\"><p>[vc_row fullwidth=&#8221;yes&#8221; el_id=&#8221;top&#8221;][vc_column]    <div class=\"section full-height\">\n        <div id=\"owl-top\" class=\"owl-carousel owl-theme\">\n                         <div class=\"item\" style=\"background-image:url(https:\/\/erdenyikama.com\/wp-content\/uploads\/2016\/02\/slide1.png);\">\n                                \n                <div class=\"hero-top\">                          \n                    <div class=\"container\"> \n                        <div class=\"twelve columns\">\n                        \n                                                                    <div class=\"hero-text left\">\n                                                            \n                                <h5>kaliteli hizmet<\/h5>\n                                    <p>Kaliteyi \u00f6d\u00fcn vermeden sunarak, daima m\u00fc\u015fterimizin yan\u0131nday\u0131z.<\/p>\n                            <\/div>  \n                        <\/div>  \n                    <\/div>      \n                <\/div>  \n                                \n            <\/div>            \n                         <div class=\"item\" style=\"background-image:url(https:\/\/erdenyikama.com\/wp-content\/uploads\/2016\/02\/slide2.png);\">\n                                \n                <div class=\"hero-top\">                          \n                    <div class=\"container\"> \n                        <div class=\"twelve columns\">\n                        \n                                                                    <div class=\"hero-text right\">\n                                                            \n                                <h5>yenilik\u00e7i fikirler<\/h5>\n                                    <p>Son teknoloji makinalarla s\u00fcrd\u00fcr\u00fclebilir fikirler<\/p>\n                            <\/div>  \n                        <\/div>  \n                    <\/div>      \n                <\/div>  \n                                \n            <\/div>            \n                         <div class=\"item\" style=\"background-image:url(https:\/\/erdenyikama.com\/wp-content\/uploads\/2016\/02\/slide3.png);\">\n                                \n                <div class=\"hero-top\">                          \n                    <div class=\"container\"> \n                        <div class=\"twelve columns\">\n                        \n                                                                    <div class=\"hero-text left\">\n                                                            \n                                <h5>deneyimli kadro<\/h5>\n                                    <p>Deneyimli ekibimizle m\u00fc\u015fterilerimiz ile ayn\u0131 \u00e7izgide<\/p>\n                            <\/div>  \n                        <\/div>  \n                    <\/div>      \n                <\/div>  \n                                \n            <\/div>            \n                                <\/div>\n        <a data-gal=\"m_PageScroll2id\" data-ps2id-offset=\"78\" class=\"scroll-down-arrow\" href=\"#about\" title=\"\" target=\"_self\"><\/a> \n    <\/div>\n    \n[\/vc_column][\/vc_row][vc_row css=&#8221;.vc_custom_1456422112433{padding-top: 100px !important;padding-bottom: 100px !important;background-color: #fbfbfb !important;}&#8221; el_id=&#8221;about&#8221;][vc_column column_effect=&#8221;bottommove&#8221; time=&#8221;0.1&#8243; distance=&#8221;100&#8243;]    <div class=\"section-title\">\n        <h2>hakk\u0131m\u0131zda<\/h2>            \n        <div class=\"shadow-title\">erden tekstil y\u0131kama<\/div> \n    <\/div>\n    <div class=\"counters background-color-white-trans\">             \n        <div class=\"coun-num\"><span class=\"counter-jquery-start\">2004<\/span><\/div>\n        <h6><span><i class=\"fab fa-accessible-icon\"><\/i><\/span> <\/h6>\n        <p>Erden Y\u0131kama olarak, denim y\u0131kama sekt\u00f6r\u00fcnde uzun y\u0131llara dayanan tecr\u00fcbemiz ve uzman kadromuzla, m\u00fc\u015fteri memnuniyetini her zaman en \u00fcst seviyede tutmay\u0131 hedefleyen bir anlay\u0131\u015fla faaliyet g\u00f6stermekteyiz. Kurulu\u015fumuzdan bu yana, kaliteli hizmet sunma ilkemizden \u00f6d\u00fcn vermeden, yenilik\u00e7i ve s\u00fcrd\u00fcr\u00fclebilir \u00e7\u00f6z\u00fcmlerle sekt\u00f6rde fark yaratmay\u0131 ba\u015fard\u0131k.<\/p>\n<p>G\u00fc\u00e7l\u00fc altyap\u0131m\u0131z ve son teknoloji ekipmanlar\u0131m\u0131zla, denim kuma\u015flara hayat veriyor, modan\u0131n nabz\u0131n\u0131 tutan yenilik\u00e7i y\u0131kama teknikleriyle her t\u00fcrl\u00fc talebi kar\u015f\u0131l\u0131yoruz. \u00c7evre dostu \u00fcretim s\u00fcre\u00e7lerimizle, do\u011faya ve insana sayg\u0131l\u0131 bir i\u015fletme olarak faaliyetlerimizi s\u00fcrd\u00fcr\u00fcyoruz.<\/p>\n<p>Ekip arkada\u015flar\u0131m\u0131z\u0131n deneyimi ve s\u00fcrekli geli\u015fime a\u00e7\u0131k yap\u0131s\u0131yla, m\u00fc\u015fterilerimizin beklentilerini a\u015fmay\u0131 ama\u00e7layan \u00e7al\u0131\u015fmalar\u0131m\u0131zla gurur duyuyoruz. Kalite kontrol s\u00fcre\u00e7lerimiz ve titiz i\u015f\u00e7ilik anlay\u0131\u015f\u0131m\u0131z sayesinde, her zaman en iyi sonucu elde etmeyi hedefliyoruz.<\/p>\n<p>Erden Y\u0131kama olarak, m\u00fc\u015fteri odakl\u0131 hizmet anlay\u0131\u015f\u0131m\u0131zla, sekt\u00f6r\u00fcm\u00fczde \u00f6nc\u00fc olman\u0131n sorumlulu\u011funu ta\u015f\u0131yor ve her ge\u00e7en g\u00fcn kendimizi yenileyerek ilerliyoruz. G\u00fcvenilir ve kaliteli hizmet arayan t\u00fcm i\u015f ortaklar\u0131m\u0131z\u0131, birlikte ba\u015far\u0131l\u0131 projelere imza atmak \u00fczere davet ediyoruz.<\/p>\n<p>Erden Y\u0131kama ailesi olarak, denim kuma\u015flar\u0131n\u0131z\u0131 d\u00f6n\u00fc\u015ft\u00fcrmek ve sizlere en iyi hizmeti sunmak i\u00e7in buraday\u0131z. Bizi tercih etti\u011finiz i\u00e7in te\u015fekk\u00fcr ederiz!<\/p>\n<p>Daha fazla bilgi i\u00e7in bizimle ileti\u015fime ge\u00e7mekten \u00e7ekinmeyin.<\/p>\n    <\/div>\n\n[\/vc_column][\/vc_row][vc_row css=&#8221;.vc_custom_1456422146363{padding-top: 100px !important;background-color: #fbfbfb !important;}&#8221; el_id=&#8221;portfolio&#8221;][vc_column column_effect=&#8221;bottommove&#8221; time=&#8221;0.1&#8243; distance=&#8221;100&#8243;]    <div class=\"section-title\">\n        <h2>Hizmetlerimiz<\/h2>            \n        <div class=\"shadow-title\">tekstil y\u0131kama<\/div> \n    <\/div>\n[\/vc_column][\/vc_row][vc_row fullwidth=&#8221;yes&#8221; css=&#8221;.vc_custom_1456342581672{padding-bottom: 100px !important;background-color: #fbfbfb !important;}&#8221;][vc_column column_effect=&#8221;bottommove&#8221; time=&#8221;0.1&#8243; distance=&#8221;100&#8243;]    <div class=\"section sep-1-background\">\n        <div id=\"owl-sep-1\" class=\"owl-carousel owl-theme\">     \n            \n                        <div class=\"item\">  \n                <div class=\"container padding-top-bottom\">  \n            \n                    <div class=\"four columns background-color-white-trans\"> \n                        <div class=\"services\">\n                        <div class=\"number\">1.<\/div>\n                        <h6>Normal Y\u0131kama<\/h6>\n                        <p>Konfeksiyon \u00fcr\u00fcn\u00fcne yumu\u015fakl\u0131k ve \u00e7ekmezlik \u00f6zelli\u011fi kazand\u0131rmak i\u00e7in sadece\u00a0yumu\u015fat\u0131c\u0131larla yap\u0131lan bir y\u0131kama \u00e7e\u015fididir.<\/p>\n                        <\/div>\n                    <\/div>\n\n            \n            \n            \n                    <div class=\"four columns background-color-white-trans\"> \n                        <div class=\"services\">\n                        <div class=\"number\">2.<\/div>\n                        <h6>Ha\u015f\u0131l S\u00f6kme<\/h6>\n                        <p>Denim kuma\u015f\u0131, ipli\u011fi boyal\u0131 bir kuma\u015ft\u0131r. \u00c7ile halindeyken boyan\u0131r ve daha\u00a0sonra dokunur. Bu dokuma i\u015flemi s\u0131ras\u0131nda meki\u011fin gidi\u015f geli\u015flerindeki y\u00fcksek h\u0131z\u00a0ve s\u00fcrt\u00fcnme nedeniyle olu\u015fabilecek kopma ve tozu\u015fmay\u0131 \u00f6nlemek i\u00e7in \u00e7\u00f6zg\u00fc\u00a0ipliklerinin \u00fczerine kayganl\u0131\u011f\u0131 ve mukavemeti artt\u0131ran ha\u015f\u0131l malzemesi s\u00fcr\u00fcl\u00fcr.<\/p>\n                        <\/div>\n                    <\/div>\n\n            \n            \n            \n                    <div class=\"four columns background-color-white-trans\"> \n                        <div class=\"services\">\n                        <div class=\"number\">3.<\/div>\n                        <h6>Enzim Y\u0131kama<\/h6>\n                        <p>Konfeksiyon \u00fcr\u00fcnlerindeki t\u00fcylenmeyi gidermek amac\u0131yla yap\u0131l\u0131r. Bu i\u015flem i\u00e7in,\u00a0enzim firmalar\u0131 taraf\u0131ndan \u00f6zel olarak \u00fcretilmi\u015f, sel\u00fclozun zincir yap\u0131s\u0131n\u0131 k\u0131rabilen\u00a0biyolojik aktif asidik enzimler kullan\u0131l\u0131r. Bu i\u015flem sonucunda t\u00fcylenme giderilerek\u00a0parlak ve p\u00fcr\u00fczs\u00fcz bir y\u00fczey elde edilir.<\/p>\n                        <\/div>\n                    <\/div>\n\n                            <\/div>  \n            <\/div>\n            \n            \n                        <div class=\"item\">  \n                <div class=\"container padding-top-bottom\">  \n            \n                    <div class=\"four columns background-color-white-trans\"> \n                        <div class=\"services\">\n                        <div class=\"number\">4.<\/div>\n                        <h6>Ta\u015f Y\u0131kama<\/h6>\n                        <p>Ta\u015f y\u0131kama, y\u0131kamac\u0131l\u0131\u011f\u0131n temel ve \u00f6nemli bir i\u015flemidir. Bu y\u0131kamada,\u00a0konfeksiyon \u00fcr\u00fcnleri pomza ta\u015f\u0131 kullan\u0131larak y\u0131kan\u0131r. \u00dcr\u00fcnlerin birbirine s\u00fcrt\u00fcn\u00fcp\u00a0ovalamas\u0131, kullan\u0131lan ta\u015flar yard\u0131m\u0131yla h\u0131zland\u0131r\u0131larak bir y\u0131kama efekti elde edilir.\u00a0Ortaya \u00e7\u0131kan efekt, olduk\u00e7a y\u00fczeysel olup, t\u00fcylenmeyi de beraberinde getirir.<\/p>\n                        <\/div>\n                    <\/div>\n\n            \n            \n            \n                    <div class=\"four columns background-color-white-trans\"> \n                        <div class=\"services\">\n                        <div class=\"number\">5.<\/div>\n                        <h6>Soldurma<\/h6>\n                        <p>Ta\u015f veya enzim ta\u015f ile yap\u0131lan y\u0131kamalar sonucunda y\u0131kama efekti elde edilirken denim kuma\u015flar\u0131n boyanmas\u0131nda kullan\u0131lm\u0131\u015f olan indigo boyar maddenin rengi belli bir noktaya kadar a\u00e7\u0131labilir. Bu seviyeden daha a\u00e7\u0131k renkte olmas\u0131 istenen y\u0131kamalar i\u00e7in enzim y\u0131kamay\u0131 takiben ayr\u0131ca bir soldurma i\u015fleminin yap\u0131lmas\u0131 gereklidir. Soldurma i\u015flemi, genellikle hipoklorit veya permanganat kullan\u0131larak yap\u0131l\u0131r.<\/p>\n                        <\/div>\n                    <\/div>\n\n            \n            \n            \n                    <div class=\"four columns background-color-white-trans\"> \n                        <div class=\"services\">\n                        <div class=\"number\">6.<\/div>\n                        <h6>Rodeo \u0130\u015flemi<\/h6>\n                        <p>\u00dcr\u00fcnde, eskimi\u015f efekt istenen b\u00f6lgeye \u00f6zel tabancayla bas\u0131n\u00e7l\u0131\u00a0hava ve kum p\u00fcsk\u00fcrt\u00fcl\u00fcr.<\/p>\n                        <\/div>\n                    <\/div>\n\n                            <\/div>  \n            <\/div>\n            \n                                <\/div>\n    <\/div>\n    \n[\/vc_column][\/vc_row][vc_row css=&#8221;.vc_custom_1717014786341{padding-top: 100px !important;padding-bottom: 100px !important;background-image: url(https:\/\/erdenyikama.com\/wp-content\/uploads\/2024\/05\/Yikama-Teknikleri-ve-Detaylari-5d90.webp?id=456) !important;background-position: center !important;background-repeat: no-repeat !important;background-size: cover !important;}&#8221;][vc_column width=&#8221;1\/4&#8243; column_effect=&#8221;leftmove&#8221; time=&#8221;1&#8243; distance=&#8221;100&#8243;]    <div class=\"counters background-color-white-trans\">             \n        <div class=\"coun-num\"><span class=\"counter-jquery-start\">100<\/span><\/div>\n        <h6><span><i class=\"fas fa-compress-arrows-alt\"><\/i><\/span> mutlu m\u00fc\u015fteri<\/h6>\n        <p><\/p>\n    <\/div>\n\n[\/vc_column][vc_column width=&#8221;1\/4&#8243; column_effect=&#8221;leftmove&#8221; time=&#8221;0.7&#8243; distance=&#8221;100&#8243;]    <div class=\"counters background-color-white-trans\">             \n        <div class=\"coun-num\"><span class=\"counter-jquery-start\">97<\/span><\/div>\n        <h6><span><i class=\"fas fa-thumbs-up\"><\/i><\/span> deneyimli kadro<\/h6>\n        <p><\/p>\n    <\/div>\n\n[\/vc_column][vc_column width=&#8221;1\/4&#8243; column_effect=&#8221;leftmove&#8221; time=&#8221;0.4&#8243; distance=&#8221;100&#8243;]    <div class=\"counters background-color-white-trans\">             \n        <div class=\"coun-num\"><span class=\"counter-jquery-start\">30<\/span><\/div>\n        <h6><span><i class=\"fas fa-recycle\"><\/i><\/span> hizmet \u00e7e\u015fidi<\/h6>\n        <p><\/p>\n    <\/div>\n\n[\/vc_column][vc_column width=&#8221;1\/4&#8243; column_effect=&#8221;leftmove&#8221; time=&#8221;0.1&#8243; distance=&#8221;100&#8243;]    <div class=\"counters background-color-white-trans\">             \n        <div class=\"coun-num\"><span class=\"counter-jquery-start\">2004<\/span><\/div>\n        <h6><span><i class=\"fas fa-chart-line\"><\/i><\/span> y\u0131l\u0131ndan bug\u00fcne<\/h6>\n        <p><\/p>\n    <\/div>\n\n[\/vc_column][\/vc_row][vc_row css=&#8221;.vc_custom_1456508890791{padding-top: 100px !important;background-color: #fbfbfb !important;}&#8221; el_id=&#8221;hello&#8221;][vc_column column_effect=&#8221;bottommove&#8221; time=&#8221;0.1&#8243; distance=&#8221;100&#8243;]    <div class=\"section-title\">\n        <h2>ileti\u015fim<\/h2>            \n        <div class=\"shadow-title\">adres&amp;telefon<\/div> \n    <\/div>\n[\/vc_column][\/vc_row][vc_row css=&#8221;.vc_custom_1456356223675{padding-bottom: 100px !important;background-color: #fbfbfb !important;}&#8221;][vc_column width=&#8221;1\/3&#8243; column_effect=&#8221;leftmove&#8221; time=&#8221;0.7&#8243; distance=&#8221;100&#8243;]  \n    <div class=\"con-details\">\n        <div class=\"icon\"><i class=\"fas fa-map-marked\"><\/i><\/div>\n        <h6>Adres<\/h6>\n        <p>\u0130kitelli OSB \u0130msan San.Sit<br \/>\nD Blok Sk.No:1 Bodrum Kat<br \/>\nK\u00fc\u00e7\u00fck\u00e7ekmece\/\u0130STANBUL<\/p>\n    <\/div>  \n    [\/vc_column][vc_column width=&#8221;1\/3&#8243; column_effect=&#8221;leftmove&#8221; time=&#8221;0.4&#8243; distance=&#8221;100&#8243;]  \n    <div class=\"con-details\">\n        <div class=\"icon\"><i class=\"fas fa-mobile-alt\"><\/i><\/div>\n        <h6>Telefon<\/h6>\n        <p>+90 542 455 20 21<\/p>\n    <\/div>  \n    [\/vc_column][vc_column width=&#8221;1\/3&#8243; column_effect=&#8221;leftmove&#8221; time=&#8221;0.1&#8243; distance=&#8221;100&#8243;]  \n    <div class=\"con-details\">\n        <div class=\"icon\"><i class=\"fas fa-at\"><\/i><\/div>\n        <h6>E-posta<\/h6>\n        <p>erdenkotyikama@gmail.com<\/p>\n    <\/div>  \n    [\/vc_column][\/vc_row][vc_row fullwidth=&#8221;yes&#8221;][vc_column][vc_raw_html css=&#8221;&#8221;]JTNDaWZyYW1lJTIwc3JjJTNEJTIyaHR0cHMlM0ElMkYlMkZ3d3cuZ29vZ2xlLmNvbSUyRm1hcHMlMkZlbWJlZCUzRnBiJTNEJTIxMW0xOCUyMTFtMTIlMjExbTMlMjExZDE1MTMuNTY3MjczNTE3MDcxNyUyMTJkMjguNzg2MDg2MDc5OTY0JTIxM2Q0MS4wNjAzNDY1MDQzMDM2NyUyMTJtMyUyMTFmMCUyMTJmMCUyMTNmMCUyMTNtMiUyMTFpMTAyNCUyMTJpNzY4JTIxNGYxMy4xJTIxM20zJTIxMW0yJTIxMXMweDE0Y2FhNWMxMmFmMGIzNDElMjUzQTB4NjVmOTUyYzE3ZjAyNWU4YiUyMTJ6UzhPOHc2ZkR2R3ZEcDJWcmJXVmpaU0RFc0d0cGRHVnNiR2tnVDFOQ0xDREVzRzF6WVc0Z05pNGdVMnNnVG04Nk1Td2dNelF6TURjZ1M4Tzh3NmZEdkd2RHAyVnJiV1ZqWlNfRXNITjBZVzVpZFd3JTIxNWUxJTIxM20yJTIxMXN0ciUyMTJzdHIlMjE0djE3NzU3MTgyMTQ3MjIlMjE1bTIlMjExc3RyJTIxMnN0ciUyMiUyMHdpZHRoJTNEJTIyMTAwJTI1JTIyJTIwaGVpZ2h0JTNEJTIyNDUwJTIyJTIwc3R5bGUlM0QlMjJib3JkZXIlM0EwJTNCJTIyJTIwYWxsb3dmdWxsc2NyZWVuJTNEJTIyJTIyJTIwbG9hZGluZyUzRCUyMmxhenklMjIlMjByZWZlcnJlcnBvbGljeSUzRCUyMm5vLXJlZmVycmVyLXdoZW4tZG93bmdyYWRlJTIyJTNFJTNDJTJGaWZyYW1lJTNF[\/vc_raw_html][\/vc_column][\/vc_row]<\/p>\n<\/div>","protected":false},"excerpt":{"rendered":"<p>[vc_row fullwidth=&#8221;yes&#8221; el_id=&#8221;top&#8221;][vc_column][\/vc_column][\/vc_row][vc_row css=&#8221;.vc_custom_1456422112433{padding-top: 100px !important;padding-bottom: 100px !important;background-color: #fbfbfb !important;}&#8221; el_id=&#8221;about&#8221;][vc_column column_effect=&#8221;bottommove&#8221; time=&#8221;0.1&#8243; distance=&#8221;100&#8243;][\/vc_column][\/vc_row][vc_row css=&#8221;.vc_custom_1456422146363{padding-top: 100px !important;background-color: #fbfbfb !important;}&#8221; el_id=&#8221;portfolio&#8221;][vc_column column_effect=&#8221;bottommove&#8221; time=&#8221;0.1&#8243; distance=&#8221;100&#8243;][\/vc_column][\/vc_row][vc_row fullwidth=&#8221;yes&#8221; css=&#8221;.vc_custom_1456342581672{padding-bottom: 100px !important;background-color: #fbfbfb !important;}&#8221;][vc_column column_effect=&#8221;bottommove&#8221; time=&#8221;0.1&#8243; distance=&#8221;100&#8243;][\/vc_column][\/vc_row][vc_row css=&#8221;.vc_custom_1717014786341{padding-top: 100px !important;padding-bottom: 100px !important;background-image: url(https:\/\/erdenyikama.com\/wp-content\/uploads\/2024\/05\/Yikama-Teknikleri-ve-Detaylari-5d90.webp?id=456) !important;background-position: center !important;background-repeat: no-repeat !important;background-size: cover !important;}&#8221;][vc_column width=&#8221;1\/4&#8243; column_effect=&#8221;leftmove&#8221; time=&#8221;1&#8243; distance=&#8221;100&#8243;][\/vc_column][vc_column width=&#8221;1\/4&#8243; column_effect=&#8221;leftmove&#8221; time=&#8221;0.7&#8243; distance=&#8221;100&#8243;][\/vc_column][vc_column width=&#8221;1\/4&#8243; column_effect=&#8221;leftmove&#8221; [&hellip;]<\/p>\n","protected":false},"author":1,"featured_media":0,"parent":0,"menu_order":0,"comment_status":"closed","ping_status":"closed","template":"page-templates\/template-canvas.php","meta":{"footnotes":""},"class_list":["post-50","page","type-page","status-publish","hentry"],"_links":{"self":[{"href":"https:\/\/erdenyikama.com\/index.php\/wp-json\/wp\/v2\/pages\/50","targetHints":{"allow":["GET"]}}],"collection":[{"href":"https:\/\/erdenyikama.com\/index.php\/wp-json\/wp\/v2\/pages"}],"about":[{"href":"https:\/\/erdenyikama.com\/index.php\/wp-json\/wp\/v2\/types\/page"}],"author":[{"embeddable":true,"href":"https:\/\/erdenyikama.com\/index.php\/wp-json\/wp\/v2\/users\/1"}],"replies":[{"embeddable":true,"href":"https:\/\/erdenyikama.com\/index.php\/wp-json\/wp\/v2\/comments?post=50"}],"version-history":[{"count":24,"href":"https:\/\/erdenyikama.com\/index.php\/wp-json\/wp\/v2\/pages\/50\/revisions"}],"predecessor-version":[{"id":469,"href":"https:\/\/erdenyikama.com\/index.php\/wp-json\/wp\/v2\/pages\/50\/revisions\/469"}],"wp:attachment":[{"href":"https:\/\/erdenyikama.com\/index.php\/wp-json\/wp\/v2\/media?parent=50"}],"curies":[{"name":"wp","href":"https:\/\/api.w.org\/{rel}","templated":true}]}}